2) to base 15.
-9
74 (base 11) to base 8
121
-10110 (base 2) to base 9
-24
Convert 0 (base 7) to base 10.
0
-3 (base 14) to base 6
-3
Convert 8 (base 15) to base 6.
12
0 (base 16) to base 2
0
10000 (base 2) to base 3
121
Convert -1 (base 6) to base 14.
-1
What is 4 (base 12) in base 5?
4
Convert -10110 (base 2) to base 9.
-24
What is 1110 (base 2) in base 3?
112
Convert -1144 (base 6) to base 9.
-341
1 (base 15) to base 5
1
What is -a (base 11) in base 9?
-11
What is -11 (base 2) in base 8?
-3
11021 (base 3) to base 11
a5
Convert -2 (base 8) to base 3.
-2
What is 11 (base 10) in base 14?
b
What is -44 (base 5) in base 14?
-1a
What is 4 (base 10) in base 9?
4
What is 4 (base 14) in base 3?
11
What is 3 (base 9) in base 6?
3
-1 (base 16) to base 8
-1
Convert b (base 16) to base 10.
11
b (base 15) to base 16
b
101 (base 4) to base 12
15
-6 (base 9) to base 16
-6
Convert -4 (base 11) to base 16.
-4
-10 (base 4) to base 6
-4
Convert -1 (base 6) to base 4.
-1
Convert -6 (base 14) to base 16.
-6
What is -1111 (base 2) in base 15?
-10
What is 6 (base 7) in base 12?
6
2 (base 11) to base 9
2
Convert -1011010 (base 2) to base 7.
-156
-243 (base 5) to base 4
-1021
What is 31 (base 5) in base 8?
20
What is 51 (base 7) in base 16?
24
-113 (base 5) to base 8
-41
What is 94 (base 10) in base 6?
234
What is -222 (base 4) in base 16?
-2a
-4 (base 6) to base 15
-4
What is 46 (base 16) in base 8?
106
4 (base 7) to base 2
100
Convert 113 (base 7) to base 14.
43
514 (base 8) to base 2
101001100
What is 11 (base 2) in base 11?
3
1300 (base 4) to base 8
160
What is -1010 (base 2) in base 11?
-a
Convert 7 (base 16) to base 9.
7
Convert -21 (base 16) to base 9.
-36
What is -3d (base 14) in base 5?
-210
Convert 1 (base 7) to base 10.
1
What is -100 (base 4) in base 10?
-16
What is 1 (base 16) in base 13?
1
What is 6 (base 10) in base 4?
12
3131 (base 4) to base 15
eb
What is 162 (base 8) in base 11?
a4
2 (base 6) to base 14
2
What is -237 (base 8) in base 3?
-12220
-2 (base 9) to base 14
-2
What is 2b (base 16) in base 13?
34
-59 (base 10) to base 2
-111011
4 (base 7) to base 14
4
What is -2 (base 7) in base 6?
-2
12 (base 3) to base 12
5
What is 11 (base 4) in base 3?
12
What is 3 (base 6) in base 11?
3
9 (base 16) to base 10
9
Convert -21 (base 9) to base 3.
-201
What is -2e (base 16) in base 2?
-101110
What is 3 (base 11) in base 14?
3
-1231 (base 4) to base 12
-91
Convert 340 (base 6) to base 8.
204
Convert -1 (base 15) to base 5.
-1
Convert -e2 (base 15) to base 7.
-422
What is -14 (base 7) in base 3?
-102
-182 (base 15) to base 16
-15b
3e (base 16) to base 4
332
31 (base 7) to base 13
19
Convert 8 (base 15) to base 4.
20
Convert -232 (base 6) to base 3.
-10102
Convert 24 (base 16) to base 9.
40
6 (base 14) to base 2
110
Convert -a (base 15) to base 9.
-11
1 (base 5) to base 7
1
52 (base 14) to base 11
66
Convert 24 (base 9) to base 4.
112
Convert -69 (base 13) to base 7.
-153
Convert -25 (base 12) to base 4.
-131
Convert 21 (base 4) to base 16.
9
Convert d9 (base 14) to base 5.
1231
What is -3 (base 6) in base 16?
-3
Convert 33 (base 14) to base 16.
2d
What is -17 (base 8) in base 10?
-15
22 (base 6) to base 7
20
-33 (base 4) to base 14
-11
What is -2a (base 16) in base 12?
-36
What is 94 (base 10) in base 9?
114
Convert -12 (base 3) to base 13.
-5
-11 (base 8) to base 3
-100
What is 17 (base 10) in base 7?
23
Convert 1001 (base 2) to base 12.
9
What is 30 (base 8) in base 15?
19
Convert 213 (base 13) to base 4.
11202
What is -1 (base 10) in base 5?
-1
What is -1 (base 12) in base 6?
-1
141 (base 5) to base 15
31
Convert 0 (base 7) to base 15.
0
Convert -19 (base 12) to base 15.
-16
Convert 334 (base 6) to base 9.
154
What is 0 (base 12) in base 14?
0
Convert -11 (base 6) to base 15.
-7
-22 (base 4) to base 8
-12
What is 0 (base 13) in base 11?
0
What is 31 (base 13) in base 9?
44
5 (base 16) to base 3
12
10 (base 10) to base 4
22
1021 (base 3) to base 9
37
Convert -8 (base 12) to base 4.
-20
-54 (base 15) to base 2
-1001111
-2 (base 9) to base 7
-2
Convert 1 (base 11) to base 3.
1
Convert 2 (base 15) to base 4.
2
What is -1 (base 3) in base 7?
-1
0 (base 2) to base 15
0
-74 (base 12) to base 16
-58
Convert -110 (base 2) to base 11.
-6
Convert -3 (base 7) to base 15.
-3
Convert 1 (base 12) to base 14.
1
-10 (base 11) to base 4
-23
-3b (base 12) to base 7
-65
Convert 1ab (base 12) to base 5.
2100
61 (base 8) to base 13
3a
What is -e (base 16) in base 9?
-15
1 (base 10) to base 16
1
Convert -4 (base 13) to base 14.
-4
434 (base 6) to base 10
166
Convert -31 (base 4) to base 7.
-16
Convert 14 (base 16) to base 8.
24
5 (base 15) to base 7
5
Convert -23 (base 12) to base 16.
-1b
Convert -1 (base 8) to base 6.
-1
29 (base 16) to base 12
35
What is -30 (base 7) in base 8?
-25
What is -5 (base 10) in base 5?
-10
Convert 201 (base 4) to base 8.
41
Convert -8 (base 13) to base 3.
-22
-53 (base 10) to base 3
-1222
Convert 212 (base 6) to base 14.
5a
What is -158 (base 13) in base 6?
-1042
Convert 107 (base 8) to base 7.
131
What is -166 (base 12) in base 11?
-192
-11a (base 14) to base 8
-334
Convert 3 (base 4) to base 16.
3
-6 (base 8) to base 7
-6
-7 (base 15) to base 12
-7
1 (base 4) to base 9
1
11 (base 3) to base 14
4
10001110 (base 2) to base 14
a2
Convert -1212 (base 3) to base 4.
-302
Convert -3 (base 5) to base 15.
-3
-31 (base 4) to base 2
-1101
What is 3 (base 9) in base 15?
3
7 (base 9) to base 14
7
Convert 4b (base 15) to base 6.
155
What is -3 (base 12) in base 14?
-3
What is 21 (base 12) in base 2?
11001
What is 8 (base 13) in base 6?
12
What is -6 (base 9) in base 2?
-110
Convert 11 (base 12) to base 8.
15
40 (base 6) to base 15
19
Convert a (base 13) to base 2.
1010
Convert 5 (base 14) to base 8.
5
Convert 6 (base 13) to base 15.
6
3103 (base 4) to base 8
323
What is 2 (base 4) in base 16?
2
Convert 110 (base 2) to base 5.
11
What is -25 (base 8) in base 14?
-17
What is -22 (base 6) in base 11?
-13
-15 (base 7) to base 4
-30
-3 (base 16) to base 5
-3
What is -102 (base 4) in base 11?
-17
Convert -1 (base 10) to base 12.
-1
What is -10 (base 2) in base 6?
-2
What is -3 (base 11) in base 14?
-3
Convert 80 (base 13) to base 4.
1220
Convert -10 (base 6) to base 13.
-6
What is -130 (base 6) in base 16?
-36
-1 (base 4) to base 12
-1
-132 (base 5) to base 16
-2a
-78 (base 13) to base 10
-99
What is 1001000 (base 2) in base 8?
110
Convert 1 (base 12) to base 4.
1
-7 (base 11) to base 14
-7
What is -376 (base 8) in base 15?
-11e
What is 83 (base 16) in base 7?
245
Convert -1 (base 3) to base 5.
-1
-3 (base 8) to base 13
-3
What is 4 (base 14) in base 11?
4
Convert 46 (base 16) to base 3.
2121
8 (base 16) to base 11
8
What is 102 (base 4) in base 7?
24
Convert 4 (base 7) to base 15.
4
What is -2 (base 3) in base 9?
-2
-1010 (base 2) to base 16
-a
What is -32 (base 9) in base 8?
-35
Convert -51 (base 10) to base 4.
-303
What is 6 (base 15) in base 4?
12
Convert -2 (base 4) to base 15.
-2
What is -8 (base 13) in base 9?
-8
-13 (base 9) to base 16
-c
c (base 14) to base 13
c
What is -1 (base 6) in base 10?
-1
What is -143 (base 8) in base 4?
-1203
What is -2 (base 12) in base 8?
-2
Convert 10111111 (base 2) to base 8.
277
What is 2 (base 7) in base 6?
2
Convert 3 (base 6) to base 10.
3
-1 (base 8) to base 5
-1
-1 (base 9) to base 11
-1
What is 10 (base 3) in base 10?
3
What is -11 (base 8) in base 14?
-9
-250 (base 10) to base 16
-fa
Convert 1 (base 11) to base 12.
1
What is -1 (base 12) in base 16?
-1
241 (base 10) to base 2
11110001
-12 (base 15) to base 10
-17
Convert 100010 (base 2) to base 11.
31
Convert 170 (base 8) to base 13.
93
45 (base 14) to base 8
75
-101 (base 2) to base 16
-5
What is -2 (base 16) in base 10?
-2
67 (base 8) to base 5
210
Convert 2 (base 11) to base 16.
2
4 (base 16) to base 7
4
1 (base 15) to base 2
1
What is 0 (base 2) in base 5?
0
What is -1 (base 2) in base 4?
-1
What is -8 (base 15) in base 9?
-8
What is 3 (base 15) in base 13?
3
Convert 6 (base 7) to base 14.
6
-2 (base 9) to base 11
-2
Convert 44 (base 11) to base 13.
39
34 (base 10) to base 7
46
Convert 0 (base 8) to base 10.
0
22 (base 3) to base 6
12
Convert -1 (base 5) to base 6.
-1
Convert 1223 (base 4) to base 10.
107
What is -241 (base 5) in base 4?
-1013
Convert -175 (bas